he prime factors of 1695295?
5, 7, 48437
List the prime factors of 2788574.
2, 31, 41, 1097
What are the prime factors of 4602030?
2, 3, 5, 131, 1171
What are the prime factors of 237436?
2, 59359
What are the prime factors of 11857799?
227, 52237
What are the prime factors of 4041784?
2, 17, 113, 263
List the prime factors of 289534.
2, 7, 20681
What are the prime factors of 1304951?
23, 56737
What are the prime factors of 8962508?
2, 29, 77263
What are the prime factors of 1270223?
17, 74719
List the prime factors of 30416.
2, 1901
List the prime factors of 1038566.
2, 519283
List the prime factors of 1218820.
2, 5, 149, 409
List the prime factors of 3857250.
2, 3, 5, 37, 139
What are the prime factors of 2565660?
2, 3, 5, 61, 701
What are the prime factors of 34034165?
5, 11, 179, 3457
What are the prime factors of 1029738?
2, 3, 73, 2351
What are the prime factors of 1935774?
2, 3, 41, 43, 61
List the prime factors of 4158707.
7, 179, 3319
What are the prime factors of 1793748?
2, 3, 11, 107, 127
What are the prime factors of 20114123?
20114123
List the prime factors of 922969.
137, 6737
What are the prime factors of 187859?
7, 47, 571
What are the prime factors of 180466?
2, 11, 13, 631
List the prime factors of 680781.
3, 149, 1523
List the prime factors of 718910.
2, 5, 29, 37, 67
List the prime factors of 347406.
2, 3, 57901
List the prime factors of 3789907.
11, 113, 3049
List the prime factors of 15904518.
2, 3, 7, 47, 1151
List the prime factors of 7412691.
3, 11, 13, 37, 467
List the prime factors of 3462712.
2, 11, 19, 109
What are the prime factors of 65266?
2, 32633
List the prime factors of 314253.
3, 103, 113
List the prime factors of 14351190.
2, 3, 5, 7, 37, 1847
What are the prime factors of 417673?
17, 79, 311
What are the prime factors of 8710727?
8710727
What are the prime factors of 2144774?
2, 1072387
List the prime factors of 1981112.
2, 7, 17, 2081
List the prime factors of 7003856.
2, 19, 23039
What are the prime factors of 9268039?
11, 31, 27179
What are the prime factors of 6466113?
3, 718457
List the prime factors of 31802018.
2, 37, 367, 1171
List the prime factors of 723022.
2, 361511
What are the prime factors of 28223?
13, 167
What are the prime factors of 4509566?
2, 2254783
What are the prime factors of 2489155?
5, 497831
List the prime factors of 223113.
3, 11, 6761
List the prime factors of 284888.
2, 149, 239
What are the prime factors of 2752877?
2752877
What are the prime factors of 127457?
11, 11587
List the prime factors of 13945055.
5, 2789011
What are the prime factors of 12734723?
41, 263, 1181
What are the prime factors of 6783615?
3, 5, 109, 461
What are the prime factors of 16179548?
2, 7, 11, 131, 401
What are the prime factors of 11383775?
5, 13, 35027
List the prime factors of 168281.
168281
List the prime factors of 1305366.
2, 3, 217561
List the prime factors of 20308970.
2, 5, 11, 184627
What are the prime factors of 142255?
5, 23, 1237
List the prime factors of 127493.
127493
What are the prime factors of 919364?
2, 229841
What are the prime factors of 4385827?
19, 230833
What are the prime factors of 29863697?
29863697
What are the prime factors of 4007681?
23, 163, 1069
What are the prime factors of 1102665?
3, 5, 19, 53, 73
List the prime factors of 640349.
29, 71, 311
List the prime factors of 13179281.
1487, 8863
What are the prime factors of 292871?
29, 10099
What are the prime factors of 7318088?
2, 47, 19463
What are the prime factors of 1943348?
2, 11, 29, 1523
What are the prime factors of 153117?
3, 53, 107
What are the prime factors of 227007?
3, 11, 2293
List the prime factors of 20112.
2, 3, 419
What are the prime factors of 3034405?
5, 11, 55171
What are the prime factors of 203227?
203227
What are the prime factors of 32205183?
3, 557, 19273
What are the prime factors of 9785115?
3, 5, 17, 12791
List the prime factors of 167207.
271, 617
List the prime factors of 459695.
5, 91939
What are the prime factors of 1940145?
3, 5, 211, 613
List the prime factors of 906826.
2, 61, 7433
What are the prime factors of 579747?
3, 7, 19, 1453
List the prime factors of 271348.
2, 7, 11, 881
List the prime factors of 2264225.
5, 41, 47
List the prime factors of 171106.
2, 13, 6581
List the prime factors of 1761169.
1761169
List the prime factors of 1049200.
2, 5, 43, 61
List the prime factors of 159003.
3, 13, 151
What are the prime factors of 822735?
3, 5, 47, 389
What are the prime factors of 14036996?
2, 661, 5309
List the prime factors of 4001533.
19, 47, 4481
List the prime factors of 128565.
3, 5, 2857
What are the prime factors of 328821?
3, 43, 2549
List the prime factors of 2106069.
3, 7, 14327
What are the prime factors of 9096014?
2, 41, 110927
What are the prime factors of 48098?
2, 24049
What are the prime factors of 2282886?
2, 3, 126827
List the prime factors of 135930.
2, 3, 5, 23, 197
What are the prime factors of 279904?
2, 8747
List the prime factors of 6473539.
59, 109721
List the prime factors of 1087654.
2, 543827
What are the prime factors of 734628?
2, 3, 29, 2111
List the prime factors of 9830050.
2, 5, 47, 89
List the prime factors of 1202683.
47, 25589
What are the prime factors of 380490?
2, 3, 5, 11, 1153
List the prime factors of 4021690.
2, 5, 17, 41, 577
List the prime factors of 371798.
2, 7, 26557
List the prime factors of 1694563.
13, 37, 271
What are the prime factors of 2786129?
2786129
List the prime factors of 136481.
136481
What are the prime factors of 209689?
277, 757
List the prime factors of 771888.
2, 3, 13, 1237
What are the prime factors of 3493064?
2, 79, 5527
List the prime factors of 9250307.
11, 31, 27127
List the prime factors of 24775.
5, 991
List the prime factors of 536433.
3, 163, 1097
What are the prime factors of 528526?
2, 264263
What are the prime factors of 2470046?
2, 29, 37, 1151
What are the prime factors of 257368?
2, 53, 607
What are the prime factors of 1218618?
2, 3, 22567
List the prime factors of 88043.
17, 5179
List the prime factors of 535091.
31, 41, 421
What are the prime factors of 1267217?
7, 181031
List the prime factors of 10310.
2, 5, 1031
What are the prime factors of 461551?
401, 1151
List the prime factors of 59640.
2, 3, 5, 7, 71
What are the prime factors of 2201490?
2, 3, 5, 61, 401
What are the prime factors of 274059?
3, 37, 823
List the prime factors of 964466.
2, 482233
List the prime factors of 176747.
176747
What are the prime factors of 1306582?
2, 757, 863
What are the prime factors of 522215?
5, 19, 23, 239
What are the prime factors of 538175?
5, 11, 19, 103
List the prime factors of 11576616.
2, 3, 482359
List the prime factors of 2011770.
2, 3, 5, 7451
List the prime factors of 1710569.
7, 244367
List the prime factors of 2317037.
2317037
List the prime factors of 24699627.
3, 914801
List the prime factors of 2084987.
37, 1523
What are the prime factors of 75761?
7, 79, 137
What are the prime factors of 240063?
3, 80021
What are the prime factors of 38006602?
2, 2467, 7703
List the prime factors of 652958.
2, 326479
What are the prime factors of 5887629?
3, 11, 59471
List the prime factors of 2087683.
13, 160591
What are the prime factors of 10402035?
3, 5, 7, 157, 631
List the prime factors of 7227332.
2, 7, 258119
List the prime factors of 284834.
2, 11, 107
What are the prime factors of 7720891?
31, 263, 947
List the prime factors of 55475.
5, 7, 317
What are the prime factors of 3404369?
17, 200257
What are the prime factors of 444169?
11, 149, 271
What are the prime factors of 6723723?
3, 479, 4679
List the prime factors of 279317.
279317
List the prime factors of 11010049.
59, 181, 1031
List the prime factors of 541857.
3, 23, 7853
List the prime factors of 641323.
307, 2089
What are the prime factors of 411300?
2, 3, 5, 457
What are the prime factors of 34090939?
5647, 6037
What are the prime factors of 14605948?
2, 7, 521641
What are the prime factors of 6129555?
3, 5, 408637
List the prime factors of 195983.
23, 8521
What are the prime factors of 4520420?
2, 5, 23, 31, 317
List the prime factors of 1405521.
3, 13, 41, 293
List the prime factors of 690802.
2, 7, 19, 53
What are the prime factors of 668387?
47, 14221
List the prime factors of 2963416.
2, 370427
List the prime fac